r) = -4*r**3 - 6*r**2 - 3*r + 5. Determine h(-3).
68
Let b(o) = -132*o + 15. Determine b(0).
15
Let k(w) = w**3 - 23*w**2 + 27*w - 76. Calculate k(22).
34
Let h(f) = f**3 + 137*f - 564. Determine h(4).
48
Let a(y) = -172*y + 3956. What is a(23)?
0
Let q(h) = 13*h**2 - 39*h - 229. Give q(-3).
5
Let h(w) = -20*w**2 + 24*w + 25. What is h(-1)?
-19
Let s(y) = 2*y**3 - y**2 + 3*y - 233. What is s(0)?
-233
Let x(k) = -k**3 - 3*k**2 + 17*k - 25. Calculate x(5).
-140
Let x(h) = h**3 + 126*h**2 + 3572*h + 247. Determine x(-83).
-2
Let i(w) = -11*w - 133. What is i(-7)?
-56
Let k(b) = -21*b**2 + 76*b + 157. Determine k(-2).
-79
Let s(p) = p**2 - 914*p - 32238. Determine s(-34).
-6
Let y(u) = -10*u**3 - u**2 + 436*u - 2. Give y(0).
-2
Let p(d) = -8*d**2 - 4*d + 36. What is p(4)?
-108
Let z(s) = 3*s**2 - 256*s - 135. Calculate z(86).
37
Let y(o) = -2*o**2 - 47*o - 295. Calculate y(-8).
-47
Let t(h) = -5*h**3 + 215*h**2 + 693*h - 144. Give t(46).
-6
Let a(k) = 28*k**2 - 73*k - 21. Calculate a(5).
314
Let k(f) = -2*f**2 + 73*f + 12. Give k(7).
425
Let z(c) = 11*c**2 - 7*c - 8. Calculate z(-1).
10
Let r(i) = -19*i - 162. Give r(-5).
-67
Let s(i) = -48*i + 2854. Calculate s(59).
22
Let h(r) = -6*r - 157. What is h(-29)?
17
Let n(x) = 2*x**2 - 45*x - 37. Calculate n(29).
340
Let u(p) = -p**3 - 48*p**2 - 510*p + 59. Calculate u(-32).
-5
Let y(s) = -31*s - 745. Give y(-23).
-32
Let a(f) = -58*f - 131. Determine a(-1).
-73
Let k(o) = -o**3 - 21*o**2 - 37*o + 20. What is k(-19)?
1
Let d(t) = -74*t - 13033. What is d(-176)?
-9
Let h(t) = -3016*t - 93503. Calculate h(-31).
-7
Let h(t) = -393*t - 8658. What is h(-22)?
-12
Let k(f) = f**2 - 106*f - 1179. Give k(-10).
-19
Let r(y) = -6*y**2 + 51*y - 105. Calculate r(3).
-6
Let a(t) = -2*t**3 - 4*t**2 + 160*t - 6. What is a(-10)?
-6
Let y(x) = x**3 + 2*x**2 - 4*x - 42. Calculate y(-5).
-97
Let t(b) = 3*b**2 - 37*b + 57. Calculate t(2).
-5
Let w(j) = j**3 - 29*j**2 - 60*j - 59. Determine w(31).
3
Let v(a) = -33*a**2 - 4*a - 24. Calculate v(-3).
-309
Let g(z) = -z**3 + 22*z**2 - 17*z - 140. Give g(20).
320
Let b(o) = o**2 - 16*o + 74. What is b(12)?
26
Let b(p) = 80*p - 8216. Calculate b(103).
24
Let l(a) = 3*a**2 + 1238*a + 7316. Calculate l(-6).
-4
Let n(g) = -g**3 + 101*g**2 - 93*g - 749. Determine n(100).
-49
Let c(l) = -33*l + 667. What is c(20)?
7
Let s(j) = -3*j**2 + 4*j - 105. Calculate s(8).
-265
Let z(p) = -p**3 + 12*p**2 - 14*p + 35. Calculate z(10).
95
Let q(f) = -3*f**3 + 16*f**2 - 47*f + 29. What is q(1)?
-5
Let j(p) = -p**2 - 12*p + 328. Determine j(13).
3
Let q(n) = -n**3 - 2*n**2 + 20*n - 41. What is q(3)?
-26
Let h(f) = f**3 - 24*f + 49. What is h(3)?
4
Let d(g) = -2*g**2 - 145*g - 1000. Determine d(-65).
-25
Let j(d) = -4*d**2 + 205*d - 250. Give j(50).
0
Let b(r) = -2*r**2 - 35*r + 290. What is b(6)?
8
Let o(i) = i**2 - 34*i - 3. What is o(31)?
-96
Let w(p) = 135*p**3 + 3*p**2 - 6*p + 4. Give w(1).
136
Let r(c) = -c**2 + 65*c + 403. Calculate r(71).
-23
Let n(s) = s**2 + 24*s - 205. Calculate n(8).
51
Let o(f) = 2*f**2 + 53*f - 543. What is o(8)?
9
Let j(h) = 3*h**3 + 147*h**2 + 21*h - 185. Give j(-49).
-1214
Let y(f) = 3*f**2 - 21*f + 16. Give y(1).
-2
Let g(q) = 4*q**2 - 281*q + 340. Calculate g(69).
-5
Let z(q) = -q**2 + 121*q - 905. What is z(8)?
-1
Let f(z) = 2*z**2 + 12*z - 8. Determine f(-7).
6
Let h(z) = z**3 + 4*z**2 - 17*z + 31. Determine h(-7).
3
Let c(y) = -2800*y - 19599. What is c(-7)?
1
Let n(l) = 1363*l + 1366. Calculate n(-1).
3
Let r(h) = 17*h + 165. Determine r(-11).
-22
Let z(g) = -16*g**2 + 241*g - 880. Calculate z(9).
-7
Let s(u) = -u**3 - 27*u**2 - 78*u + 24. Give s(-24).
168
Let w(j) = -285*j - 11415. What is w(-40)?
-15
Let q(b) = -b**3 - 2*b**2 + 240*b + 708. Calculate q(-3).
-3
Let m(o) = -o**3 - 78*o**2 - 86*o - 689. Determine m(-77).
4
Let j(h) = 30534*h + 91611. Give j(-3).
9
Let c(k) = -k**3 - 20*k**2 + 124*k - 19. What is c(-25)?
6
Let n(o) = 1239*o - 42128. Calculate n(34).
-2
Let i(o) = o**2 + 97*o - 1029. Determine i(13).
401
Let n(b) = -10*b**3 + b**2 - 13*b + 24. What is n(2)?
-78
Let r(v) = -v**3 + 13*v**2 - 308*v + 3145. Give r(11).
-1
Let i(l) = -17*l + 1589. Calculate i(97).
-60
Let m(w) = -2*w**2 - 42*w - 126. Calculate m(-3).
-18
Let b(t) = 107*t + 664. Give b(-6).
22
Let u(b) = b**3 + 4*b**2 - 20*b - 43. Calculate u(-6).
5
Let c(t) = t**3 + 4*t**2 - 7*t - 3. What is c(4)?
97
Let q(b) = -10*b**2 - 125*b + 12. Give q(-16).
-548
Let a(w) = -w**3 - 10*w**2 + 98*w + 607. Give a(-5).
-8
Let v(j) = -2*j**2 + 58*j - 243. What is v(23)?
33
Let x(l) = -16*l - 447. What is x(-24)?
-63
Let a(o) = o**3 + 10*o**2 - 76*o - 80. Calculate a(-15).
-65
Let r(c) = 18*c - 1056. Give r(61).
42
Let g(c) = -76*c + 6713. What is g(87)?
101
Let u(c) = -128*c + 517. Determine u(4).
5
Let d(q) = -3*q**2 + 30*q - 3. Give d(10).
-3
Let h(l) = -4*l**3 - 101*l**2 - 26*l - 141. Give h(-25).
-116
Let s(j) = 5*j**2 + 573*j + 1474. What is s(-112)?
18
Let h(l) = -6*l**2 - 722*l + 464. What is h(-121)?
-20
Let i(f) = -f**2 + 38*f + 199. Calculate i(39).
160
Let u(d) = 182*d + 2496. Determine u(-14).
-52
Let o(r) = r**2 - 29*r + 211. Determine o(17).
7
Let f(o) = -2*o**2 - 60*o + 903. What is f(-45)?
-447
Let o(z) = 2*z**3 - 29*z**2 - 3*z - 52. Determine o(15).
128
Let p(d) = d**3 - 31*d**2 + 80*d + 22. What is p(3)?
10
Let l(w) = -w**3 + 31*w**2 - 86*w - 57. Calculate l(28).
-113
Let h(v) = -55*v - 484. Give h(-9).
11
Let u(g) = -2*g**2 - 32*g - 122. Calculate u(-8).
6
Let q(c) = 416*c - 5809. Give q(14).
15
Let q(g) = 5*g - 824. Give q(165).
1
Let q(g) = 8*g - 65. What is q(-10)?
-145
Let l(v) = -v**3 - 21*v**2 - 190*v - 910. Calculate l(-11).
-30
Let s(l) = 298*l + 12779. Determine s(-43).
-35
Let b(p) = -p**3 + 10*p**2 - 42*p + 60. Determine b(3).
-3
Let j(t) = t**3 + 5*t**2 - 11*t + 18. Calculate j(-7).
-3
Let a(h) = 2*h**3 - 18*h**2 + 14*h - 85. Calculate a(8).
-101
Let r(b) = -b**3 - 3*b**2 + 52*b - 38. Give r(6).
-50
Let r(n) = -7*n + 257. Give r(-19).
390
Let p(v) = 175*v + 2313. Determine p(-13).
38
Let d(g) = -161*g - 855. What is d(-5)?
-50
Let o(y) = 2*y**3 + 12*y**2 - 10*y + 1. Calculate o(-6).
61
Let j(q) = 977*q - 5847. Calculate j(6).
15
Let a(h) = 12*h**2 + 298*h - 68. Determine a(-25).
-18
Let f(a) = -4*a**2 + 92*a - 509. Give f(14).
-5
Let b(q) = 256*q + 1034. Give b(-4).
10
Let b(q) = -q**3 + 12*q**2 - 2*q - 119. What is b(11)?
-20
Let s(i) = -190*i + 1686. Determine s(9).
-24
Let f(c) = -17*c**2 + 240*c - 14. Give f(14).
14
Let t(g) = 7*g**2 - 6*g - 10. Calculate t(-1).
3
Let h(v) = -3*v**2 - 121*v + 41. Calculate h(-41).
-41
Let v(a) = -2*a**3 - a**2 - 14*a - 34. What is v(-2)?
6
Let q(u) = -259*u - 17341. What is q(-67)?
12
Let j(f) = -3*f**3 + 51*f**2 + 18*f - 305. Determine j(17).
1
Let n(r) = -23*r - 1011. What is n(-44)?
1
Let v(c) = -5*c**3 - 192*c**2 - 73*c + 98. Determine v(-38).
-16
Let p(k) = 52*k - 1016. Give p(20).
24
Let w(k) = 2*k**3 + 13*k**2 - 32*k - 184. Determine w(-7).
-9
Let v(g) = -248*g - 1111. Determine v(-5).
129
Let r(p) = p**2 - 63*p + 812. Determine r(44).
-24
Let d(y) = 4780*y + 229434. What is d(-48)?
-6
Let z(h) = 1619*h - 103617. Give z(64).
-1
Let w(u) = 8*u**3 + 209*u**2 + 1072*u + 10. What is w(-7)?
3
Let l(p) = -61*p - 3. Calculate l(2).
-125
Let s(v) = v**3 - 12*v**2 - 24*v - 7. Calculate s(13).
-150
Let z(p) = -2*p**3 - 10*p**2 + 10*p + 2. What is z(-6)?
14
Let g(w) = -317*w + 1504. Determine g(5).
-81
Let l(m) = m**3 - 8*m**2 + 15*m - 10. Give l(6).
8
Let c(f) = -f**2 + 74*f + 340. Determine c(-5).
-55
Let v(n) = 2*n**2 + 29*n - 361. What is v(8)?
-1
Let i(o) = -74*o**2 + 136*o - 136. Determine i(1).
-74
Let d(n) = -2*n**3 - 115*n**2 - 55*n + 127. Calculate d(-57).
13
Let q(t) = 1548*t + 13955. What is q(-9)?
23
Let v(r) = -504*r + 14610. What is v(29)?
-6
Let b(r) = 11*r + 23. Calculate b(-30).
-307
Let b(t) = -t**3 + 13*t**2 + 5*t - 40. Determine b(14).
-166
Let r(p) = -218*p + 24002. Calculate r(110).
22
Let i(q) = -84*q - 2267. Determine i(-29).
169
Let z(p) = p**3 - 10*p**2 - 39*p + 142. Calculate z(12).
-38
Let b(k) = -k**3 + 16*k**2 + 31*k + 18. Give b(18).
-72
Let k(v) = -2*v**2 - 59*v - 226. Calculate k(-4).
-22
Let p(n) = -n**3 + 16*n**2 + 301*n - 114. Determine p(27).
-6
Let l(g) = -5*g**2 + 97*g - 22. Calculate l(18).
1